{"id":235,"date":"2019-02-27T22:07:30","date_gmt":"2019-02-27T21:07:30","guid":{"rendered":"http:\/\/zahia.fr\/?page_id=235"},"modified":"2019-02-27T22:07:30","modified_gmt":"2019-02-27T21:07:30","slug":"slide","status":"publish","type":"page","link":"https:\/\/www.zahia.fr\/index.php\/slide\/","title":{"rendered":"Slide"},"content":{"rendered":"<div style=\"width: 100%; margin: 0 auto;\" class=\"ml-slider-3-8-1 metaslider metaslider-flex metaslider-213 ml-slider\">\n    \n    <div id=\"metaslider_container_213\">\n        <div id=\"metaslider_213\" class=\"flexslider\">\n            <ul class=\"slides\">\n                <li style=\"display: block; width: 100%;\" class=\"slide-214 ms-image\"><img loading=\"lazy\" decoding=\"async\" src=\"https:\/\/www.zahia.fr\/wp-content\/uploads\/2018\/09\/yael-3-700x300.jpg\" height=\"300\" width=\"700\" alt=\"\" class=\"slider-213 slide-214\" title=\"yael 3\" \/><div class=\"caption-wrap\"><div class=\"caption\">Concert Yael Naim<\/div><\/div><\/li>\n                <li style=\"display: none; width: 100%;\" class=\"slide-215 ms-image\"><img loading=\"lazy\" decoding=\"async\" src=\"https:\/\/www.zahia.fr\/wp-content\/uploads\/2018\/09\/yael-6-700x300.jpg\" height=\"300\" width=\"700\" alt=\"\" class=\"slider-213 slide-215\" title=\"yael 6\" \/><div class=\"caption-wrap\"><div class=\"caption\">Yael Naim<\/div><\/div><\/li>\n                <li style=\"display: none; width: 100%;\" class=\"slide-229 ms-image\"><img loading=\"lazy\" decoding=\"async\" src=\"https:\/\/www.zahia.fr\/wp-content\/uploads\/2018\/09\/33-700x300.png\" height=\"300\" width=\"700\" alt=\"\" class=\"slider-213 slide-229\" title=\"33\" \/><div class=\"caption-wrap\"><div class=\"caption\">Blond, Blond & Blond<\/div><\/div><\/li>\n                <li style=\"display: none; width: 100%;\" class=\"slide-230 ms-image\"><img loading=\"lazy\" decoding=\"async\" src=\"https:\/\/www.zahia.fr\/wp-content\/uploads\/2018\/09\/ibrahim-2-700x300.jpg\" height=\"300\" width=\"700\" alt=\"\" class=\"slider-213 slide-230\" title=\"ibrahim 2\" \/><div class=\"caption-wrap\"><div class=\"caption\">Concert<\/div><\/div><\/li>\n                <li style=\"display: none; width: 100%;\" class=\"slide-231 ms-image\"><img loading=\"lazy\" decoding=\"async\" src=\"https:\/\/www.zahia.fr\/wp-content\/uploads\/2017\/06\/105380202847985-700x300.jpg\" height=\"300\" width=\"700\" alt=\"\" class=\"slider-213 slide-231\" title=\"105380202847985\" \/><div class=\"caption-wrap\"><div class=\"caption\">Encaustique sur Carton sp\u00e9cial<\/div><\/div><\/li>\n                <li style=\"display: none; width: 100%;\" class=\"slide-232 ms-image\"><img loading=\"lazy\" decoding=\"async\" src=\"https:\/\/www.zahia.fr\/wp-content\/uploads\/2017\/06\/Libre-e1543630712356-603x258.jpg\" height=\"300\" width=\"700\" alt=\"\" class=\"slider-213 slide-232\" title=\"Libre\" \/><div class=\"caption-wrap\"><div class=\"caption\">Libre - Encaustique sur Toile<\/div><\/div><\/li>\n                <li style=\"display: none; width: 100%;\" class=\"slide-234 ms-image\"><img loading=\"lazy\" decoding=\"async\" src=\"https:\/\/www.zahia.fr\/wp-content\/uploads\/2017\/06\/femme-brulante-700x300.jpg\" height=\"300\" width=\"700\" alt=\"\" class=\"slider-213 slide-234\" title=\"femme brulante\" \/><div class=\"caption-wrap\"><div class=\"caption\">La Femme Passionn\u00e9e  - Encaustique sur Carton sp\u00e9cial<\/div><\/div><\/li>\n            <\/ul>\n        <\/div>\n        \n    <\/div>\n<\/div>\n","protected":false},"excerpt":{"rendered":"","protected":false},"author":1,"featured_media":0,"parent":0,"menu_order":0,"comment_status":"closed","ping_status":"closed","template":"","meta":{"footnotes":""},"class_list":["post-235","page","type-page","status-publish","hentry"],"yoast_head":"<!-- This site is optimized with the Yoast SEO plugin v23.0 - https:\/\/yoast.com\/wordpress\/plugins\/seo\/ -->\n<title>Slide - Zahia - Artiste Peintre de toiles vivantes, Photographe de l&#039;authentique et Art-Th\u00e9rapeute. Sp\u00e9cialis\u00e9e en Encaustique et Bien \u00eatre<\/title>\n<meta name=\"robots\" content=\"index, follow, max-snippet:-1, max-image-preview:large, max-video-preview:-1\" \/>\n<link rel=\"canonical\" href=\"https:\/\/www.zahia.fr\/index.php\/slide\/\" \/>\n<meta property=\"og:locale\" content=\"fr_FR\" \/>\n<meta property=\"og:type\" content=\"article\" \/>\n<meta property=\"og:title\" content=\"Slide - Zahia - Artiste Peintre de toiles vivantes, Photographe de l&#039;authentique et Art-Th\u00e9rapeute. Sp\u00e9cialis\u00e9e en Encaustique et Bien \u00eatre\" \/>\n<meta property=\"og:url\" content=\"https:\/\/www.zahia.fr\/index.php\/slide\/\" \/>\n<meta property=\"og:site_name\" content=\"Zahia - Artiste Peintre de toiles vivantes, Photographe de l&#039;authentique et Art-Th\u00e9rapeute. Sp\u00e9cialis\u00e9e en Encaustique et Bien \u00eatre\" \/>\n<meta name=\"twitter:card\" content=\"summary_large_image\" \/>\n<script type=\"application\/ld+json\" class=\"yoast-schema-graph\">{\"@context\":\"https:\/\/schema.org\",\"@graph\":[{\"@type\":\"WebPage\",\"@id\":\"https:\/\/www.zahia.fr\/index.php\/slide\/\",\"url\":\"https:\/\/www.zahia.fr\/index.php\/slide\/\",\"name\":\"Slide - Zahia - Artiste Peintre de toiles vivantes, Photographe de l&#039;authentique et Art-Th\u00e9rapeute. Sp\u00e9cialis\u00e9e en Encaustique et Bien \u00eatre\",\"isPartOf\":{\"@id\":\"https:\/\/www.zahia.fr\/#website\"},\"datePublished\":\"2019-02-27T21:07:30+00:00\",\"dateModified\":\"2019-02-27T21:07:30+00:00\",\"breadcrumb\":{\"@id\":\"https:\/\/www.zahia.fr\/index.php\/slide\/#breadcrumb\"},\"inLanguage\":\"fr-FR\",\"potentialAction\":[{\"@type\":\"ReadAction\",\"target\":[\"https:\/\/www.zahia.fr\/index.php\/slide\/\"]}]},{\"@type\":\"BreadcrumbList\",\"@id\":\"https:\/\/www.zahia.fr\/index.php\/slide\/#breadcrumb\",\"itemListElement\":[{\"@type\":\"ListItem\",\"position\":1,\"name\":\"Accueil\",\"item\":\"https:\/\/www.zahia.fr\/\"},{\"@type\":\"ListItem\",\"position\":2,\"name\":\"Slide\"}]},{\"@type\":\"WebSite\",\"@id\":\"https:\/\/www.zahia.fr\/#website\",\"url\":\"https:\/\/www.zahia.fr\/\",\"name\":\"Zahia Artiste Peintre, Photographe et Th\u00e9rapeute - Encaustique et Toiles vivantes\",\"description\":\"L&#039;Art au service du Bien\",\"publisher\":{\"@id\":\"https:\/\/www.zahia.fr\/#\/schema\/person\/96b83c2a05e612d5e9a768ae89537b33\"},\"alternateName\":\"Zahia & l'encaustique - L&#039;Art au service du Bien\",\"potentialAction\":[{\"@type\":\"SearchAction\",\"target\":{\"@type\":\"EntryPoint\",\"urlTemplate\":\"https:\/\/www.zahia.fr\/?s={search_term_string}\"},\"query-input\":\"required name=search_term_string\"}],\"inLanguage\":\"fr-FR\"},{\"@type\":[\"Person\",\"Organization\"],\"@id\":\"https:\/\/www.zahia.fr\/#\/schema\/person\/96b83c2a05e612d5e9a768ae89537b33\",\"name\":\"zahiapeintre\",\"image\":{\"@type\":\"ImageObject\",\"inLanguage\":\"fr-FR\",\"@id\":\"https:\/\/www.zahia.fr\/#\/schema\/person\/image\/\",\"url\":\"https:\/\/zahia.fr\/wp-content\/uploads\/2024\/07\/185504431502228.jpg\",\"contentUrl\":\"https:\/\/zahia.fr\/wp-content\/uploads\/2024\/07\/185504431502228.jpg\",\"width\":237,\"height\":215,\"caption\":\"zahiapeintre\"},\"logo\":{\"@id\":\"https:\/\/www.zahia.fr\/#\/schema\/person\/image\/\"}}]}<\/script>\n<!-- \/ Yoast SEO plugin. -->","yoast_head_json":{"title":"Slide - Zahia - Artiste Peintre de toiles vivantes, Photographe de l&#039;authentique et Art-Th\u00e9rapeute. Sp\u00e9cialis\u00e9e en Encaustique et Bien \u00eatre","robots":{"index":"index","follow":"follow","max-snippet":"max-snippet:-1","max-image-preview":"max-image-preview:large","max-video-preview":"max-video-preview:-1"},"canonical":"https:\/\/www.zahia.fr\/index.php\/slide\/","og_locale":"fr_FR","og_type":"article","og_title":"Slide - Zahia - Artiste Peintre de toiles vivantes, Photographe de l&#039;authentique et Art-Th\u00e9rapeute. Sp\u00e9cialis\u00e9e en Encaustique et Bien \u00eatre","og_url":"https:\/\/www.zahia.fr\/index.php\/slide\/","og_site_name":"Zahia - Artiste Peintre de toiles vivantes, Photographe de l&#039;authentique et Art-Th\u00e9rapeute. Sp\u00e9cialis\u00e9e en Encaustique et Bien \u00eatre","twitter_card":"summary_large_image","schema":{"@context":"https:\/\/schema.org","@graph":[{"@type":"WebPage","@id":"https:\/\/www.zahia.fr\/index.php\/slide\/","url":"https:\/\/www.zahia.fr\/index.php\/slide\/","name":"Slide - Zahia - Artiste Peintre de toiles vivantes, Photographe de l&#039;authentique et Art-Th\u00e9rapeute. Sp\u00e9cialis\u00e9e en Encaustique et Bien \u00eatre","isPartOf":{"@id":"https:\/\/www.zahia.fr\/#website"},"datePublished":"2019-02-27T21:07:30+00:00","dateModified":"2019-02-27T21:07:30+00:00","breadcrumb":{"@id":"https:\/\/www.zahia.fr\/index.php\/slide\/#breadcrumb"},"inLanguage":"fr-FR","potentialAction":[{"@type":"ReadAction","target":["https:\/\/www.zahia.fr\/index.php\/slide\/"]}]},{"@type":"BreadcrumbList","@id":"https:\/\/www.zahia.fr\/index.php\/slide\/#breadcrumb","itemListElement":[{"@type":"ListItem","position":1,"name":"Accueil","item":"https:\/\/www.zahia.fr\/"},{"@type":"ListItem","position":2,"name":"Slide"}]},{"@type":"WebSite","@id":"https:\/\/www.zahia.fr\/#website","url":"https:\/\/www.zahia.fr\/","name":"Zahia Artiste Peintre, Photographe et Th\u00e9rapeute - Encaustique et Toiles vivantes","description":"L&#039;Art au service du Bien","publisher":{"@id":"https:\/\/www.zahia.fr\/#\/schema\/person\/96b83c2a05e612d5e9a768ae89537b33"},"alternateName":"Zahia & l'encaustique - L&#039;Art au service du Bien","potentialAction":[{"@type":"SearchAction","target":{"@type":"EntryPoint","urlTemplate":"https:\/\/www.zahia.fr\/?s={search_term_string}"},"query-input":"required name=search_term_string"}],"inLanguage":"fr-FR"},{"@type":["Person","Organization"],"@id":"https:\/\/www.zahia.fr\/#\/schema\/person\/96b83c2a05e612d5e9a768ae89537b33","name":"zahiapeintre","image":{"@type":"ImageObject","inLanguage":"fr-FR","@id":"https:\/\/www.zahia.fr\/#\/schema\/person\/image\/","url":"https:\/\/zahia.fr\/wp-content\/uploads\/2024\/07\/185504431502228.jpg","contentUrl":"https:\/\/zahia.fr\/wp-content\/uploads\/2024\/07\/185504431502228.jpg","width":237,"height":215,"caption":"zahiapeintre"},"logo":{"@id":"https:\/\/www.zahia.fr\/#\/schema\/person\/image\/"}}]}},"_links":{"self":[{"href":"https:\/\/www.zahia.fr\/index.php\/wp-json\/wp\/v2\/pages\/235","targetHints":{"allow":["GET"]}}],"collection":[{"href":"https:\/\/www.zahia.fr\/index.php\/wp-json\/wp\/v2\/pages"}],"about":[{"href":"https:\/\/www.zahia.fr\/index.php\/wp-json\/wp\/v2\/types\/page"}],"author":[{"embeddable":true,"href":"https:\/\/www.zahia.fr\/index.php\/wp-json\/wp\/v2\/users\/1"}],"replies":[{"embeddable":true,"href":"https:\/\/www.zahia.fr\/index.php\/wp-json\/wp\/v2\/comments?post=235"}],"version-history":[{"count":1,"href":"https:\/\/www.zahia.fr\/index.php\/wp-json\/wp\/v2\/pages\/235\/revisions"}],"predecessor-version":[{"id":236,"href":"https:\/\/www.zahia.fr\/index.php\/wp-json\/wp\/v2\/pages\/235\/revisions\/236"}],"wp:attachment":[{"href":"https:\/\/www.zahia.fr\/index.php\/wp-json\/wp\/v2\/media?parent=235"}],"curies":[{"name":"wp","href":"https:\/\/api.w.org\/{rel}","templated":true}]}}