{"id":312,"date":"2019-11-29T03:35:24","date_gmt":"2019-11-29T02:35:24","guid":{"rendered":"http:\/\/zahia.fr\/index.php\/boutique\/"},"modified":"2019-11-29T03:35:24","modified_gmt":"2019-11-29T02:35:24","slug":"boutique","status":"publish","type":"page","link":"https:\/\/www.zahia.fr\/index.php\/boutique\/","title":{"rendered":"Boutique"},"content":{"rendered":"<div class=\"wpshop_products_block\"><div class=\"wps-catalog-sorting\">\t\t<input type=\"hidden\" name=\"display_type\" value=\"grid\" class=\"hidden_sorting_fields\" \/>\t<input type=\"hidden\" name=\"order\" value=\"ASC\" class=\"hidden_sorting_fields\" \/>\t<input type=\"hidden\" name=\"products_per_page\" value=\"20\" class=\"hidden_sorting_fields\" \/>\t<input type=\"hidden\" name=\"page_number\" value=\"1\" \/>\t<input type=\"hidden\" name=\"cid\" value=\"0\" class=\"hidden_sorting_fields\" \/>\t<input type=\"hidden\" name=\"pid\" value=\"0\" class=\"hidden_sorting_fields\" \/>\t<input type=\"hidden\" name=\"attr\" value=\"\" class=\"hidden_sorting_fields\" \/>\t<div class=\"wps-table-layout\">\t\t\t<span class=\"wps-bloc\">\t\t<span>Trier<\/span>\t\t<select name=\"sorting_criteria\" class=\"hidden_sorting_criteria_field\" >\t\t\t<option value=\"\" selected=\"selected\">Choisir...<\/option>\t\t\t<option value=\"title\" >Nom du produit<\/option><option value=\"date\" >Date d'ajout<\/option><option value=\"modified\" >Derni\u00e8re modification<\/option><option value=\"rand\" >Al\u00e9atoire<\/option><option value=\"product_price\" >Prix TTC<\/option><option value=\"product_stock\" >Stock<\/option><option value=\"barcode\" >Code barre<\/option>\t\t<\/select>\t<\/span>\t\t<ul class=\"wps-sorting-tools\">\t\t\t<li>\t\t\t\t<a href=\"#\" class=\"ui-icon product_asc_listing reverse_sorting\" title=\"Inverser\">\t\t\t\t\t<i class=\"wps-icon-arrowdown\"><\/i>\t\t\t\t<\/a>\t\t\t<\/li>\t\t\t<li>\t\t\t\t<a href=\"#\" class=\"change_display_mode list_display\" title=\"Passer en mode liste\">\t\t\t\t\t<i class=\"wps-icon-list\"><\/i>\t\t\t\t<\/a>\t\t\t<\/li>\t\t\t<li>\t\t\t\t<a href=\"#\" class=\"change_display_mode grid_display active\" title=\"Passer en mode grille\">\t\t\t\t\t<i class=\"wps-icon-grid\"><\/i>\t\t\t\t<\/a>\t\t\t<\/li>\t\t<\/ul>\t<\/div><\/div><div data-nonce=\"8801a933fa\" class=\"wps-catalog-container wps-bloc-loader\"><div class=\"container_product_listing wps-bloc-loader\" ><ul class=\"wps-catalog wps-gridwrapper3\" ><li itemscope=\"\" itemtype=\"http:\/\/data-vocabulary.org\/Product\">\t<div>\t\t<a href=\"https:\/\/www.zahia.fr\/index.php\/catalog\/no-categories\/photo-20x30-cm\/\" title=\"Photo 20x30 cm\" itemprop=\"offers\" itemscope itemtype=\"http:\/\/data-vocabulary.org\/Offers\">\t\t\t<span class=\"wps-thumbnail\">\t\t\t\t<img decoding=\"async\" src=\"https:\/\/www.zahia.fr\/wp-content\/plugins\/wpshop\/templates\/admin\/medias\/images\/no_picture.png\" alt=\"Ce produit n'a pas d'image\" class=\"default_picture_thumbnail\" \/>\t\t\t\t<span class=\"wps-extras\">\t\t\t\t\t\t\t\t\t<\/span>\t\t\t\t<span class=\"wps-hover\">voir<\/span>\t\t\t<\/span>\t\t\t<span class=\"wps-caption\">\t\t\t\t<span class=\"wps-title\" itemprop=\"name\" >Photo 20x30 cm<\/span>\t\t\t\t<span itemprop=\"price\" class=\"wps-price-container\">\t\t\t    \t<span class=\"wps-price\"><span itemprop=\"price\" class=\"wpshop_products_listing_price\"> <span class=\"wps-absolute-price\">6<\/span><span class=\"wpshop_price_centimes_display\">,00<\/span> <span class=\"wps-currency\">&euro;<\/span> <\/span><\/span>\t\t\t    <\/span>\t\t\t<\/span>\t\t<\/a>\t\t<div class=\"wps-action-container\">\t\t\t<button itemprop=\"availability\" content=\"in_stock\" data-nonce=\"5e11e37999\" id=\"wpshop_add_to_cart_376\" class=\"wpshop_add_to_cart_button wps-bton-first\"><i class=\"wps-icon-basket\"><\/i>Ajouter au panier<\/button>\t\t<\/div>\t<\/div><\/li><\/ul><\/div><\/div><\/div>\n","protected":false},"excerpt":{"rendered":"","protected":false},"author":1,"featured_media":0,"parent":0,"menu_order":569841,"comment_status":"closed","ping_status":"closed","template":"","meta":{"footnotes":""},"class_list":["post-312","page","type-page","status-publish","hentry"],"yoast_head":"<!-- This site is optimized with the Yoast SEO plugin v23.0 - https:\/\/yoast.com\/wordpress\/plugins\/seo\/ -->\n<title>Boutique - Zahia - Artiste Peintre de toiles vivantes, Photographe de l&#039;authentique et Art-Th\u00e9rapeute. Sp\u00e9cialis\u00e9e en Encaustique et Bien \u00eatre<\/title>\n<meta name=\"robots\" content=\"index, follow, max-snippet:-1, max-image-preview:large, max-video-preview:-1\" \/>\n<link rel=\"canonical\" href=\"https:\/\/www.zahia.fr\/index.php\/boutique\/\" \/>\n<meta property=\"og:locale\" content=\"fr_FR\" \/>\n<meta property=\"og:type\" content=\"article\" \/>\n<meta property=\"og:title\" content=\"Boutique - Zahia - Artiste Peintre de toiles vivantes, Photographe de l&#039;authentique et Art-Th\u00e9rapeute. Sp\u00e9cialis\u00e9e en Encaustique et Bien \u00eatre\" \/>\n<meta property=\"og:url\" content=\"https:\/\/www.zahia.fr\/index.php\/boutique\/\" \/>\n<meta property=\"og:site_name\" content=\"Zahia - Artiste Peintre de toiles vivantes, Photographe de l&#039;authentique et Art-Th\u00e9rapeute. Sp\u00e9cialis\u00e9e en Encaustique et Bien \u00eatre\" \/>\n<meta name=\"twitter:card\" content=\"summary_large_image\" \/>\n<script type=\"application\/ld+json\" class=\"yoast-schema-graph\">{\"@context\":\"https:\/\/schema.org\",\"@graph\":[{\"@type\":\"WebPage\",\"@id\":\"https:\/\/www.zahia.fr\/index.php\/boutique\/\",\"url\":\"https:\/\/www.zahia.fr\/index.php\/boutique\/\",\"name\":\"Boutique - Zahia - Artiste Peintre de toiles vivantes, Photographe de l&#039;authentique et Art-Th\u00e9rapeute. Sp\u00e9cialis\u00e9e en Encaustique et Bien \u00eatre\",\"isPartOf\":{\"@id\":\"https:\/\/www.zahia.fr\/#website\"},\"datePublished\":\"2019-11-29T02:35:24+00:00\",\"dateModified\":\"2019-11-29T02:35:24+00:00\",\"breadcrumb\":{\"@id\":\"https:\/\/www.zahia.fr\/index.php\/boutique\/#breadcrumb\"},\"inLanguage\":\"fr-FR\",\"potentialAction\":[{\"@type\":\"ReadAction\",\"target\":[\"https:\/\/www.zahia.fr\/index.php\/boutique\/\"]}]},{\"@type\":\"BreadcrumbList\",\"@id\":\"https:\/\/www.zahia.fr\/index.php\/boutique\/#breadcrumb\",\"itemListElement\":[{\"@type\":\"ListItem\",\"position\":1,\"name\":\"Accueil\",\"item\":\"https:\/\/www.zahia.fr\/\"},{\"@type\":\"ListItem\",\"position\":2,\"name\":\"Boutique\"}]},{\"@type\":\"WebSite\",\"@id\":\"https:\/\/www.zahia.fr\/#website\",\"url\":\"https:\/\/www.zahia.fr\/\",\"name\":\"Zahia Artiste Peintre, Photographe et Th\u00e9rapeute - Encaustique et Toiles vivantes\",\"description\":\"L&#039;Art au service du Bien\",\"publisher\":{\"@id\":\"https:\/\/www.zahia.fr\/#\/schema\/person\/96b83c2a05e612d5e9a768ae89537b33\"},\"alternateName\":\"Zahia & l'encaustique - L&#039;Art au service du Bien\",\"potentialAction\":[{\"@type\":\"SearchAction\",\"target\":{\"@type\":\"EntryPoint\",\"urlTemplate\":\"https:\/\/www.zahia.fr\/?s={search_term_string}\"},\"query-input\":\"required name=search_term_string\"}],\"inLanguage\":\"fr-FR\"},{\"@type\":[\"Person\",\"Organization\"],\"@id\":\"https:\/\/www.zahia.fr\/#\/schema\/person\/96b83c2a05e612d5e9a768ae89537b33\",\"name\":\"zahiapeintre\",\"image\":{\"@type\":\"ImageObject\",\"inLanguage\":\"fr-FR\",\"@id\":\"https:\/\/www.zahia.fr\/#\/schema\/person\/image\/\",\"url\":\"https:\/\/zahia.fr\/wp-content\/uploads\/2024\/07\/185504431502228.jpg\",\"contentUrl\":\"https:\/\/zahia.fr\/wp-content\/uploads\/2024\/07\/185504431502228.jpg\",\"width\":237,\"height\":215,\"caption\":\"zahiapeintre\"},\"logo\":{\"@id\":\"https:\/\/www.zahia.fr\/#\/schema\/person\/image\/\"}}]}<\/script>\n<!-- \/ Yoast SEO plugin. -->","yoast_head_json":{"title":"Boutique - Zahia - Artiste Peintre de toiles vivantes, Photographe de l&#039;authentique et Art-Th\u00e9rapeute. Sp\u00e9cialis\u00e9e en Encaustique et Bien \u00eatre","robots":{"index":"index","follow":"follow","max-snippet":"max-snippet:-1","max-image-preview":"max-image-preview:large","max-video-preview":"max-video-preview:-1"},"canonical":"https:\/\/www.zahia.fr\/index.php\/boutique\/","og_locale":"fr_FR","og_type":"article","og_title":"Boutique - Zahia - Artiste Peintre de toiles vivantes, Photographe de l&#039;authentique et Art-Th\u00e9rapeute. Sp\u00e9cialis\u00e9e en Encaustique et Bien \u00eatre","og_url":"https:\/\/www.zahia.fr\/index.php\/boutique\/","og_site_name":"Zahia - Artiste Peintre de toiles vivantes, Photographe de l&#039;authentique et Art-Th\u00e9rapeute. Sp\u00e9cialis\u00e9e en Encaustique et Bien \u00eatre","twitter_card":"summary_large_image","schema":{"@context":"https:\/\/schema.org","@graph":[{"@type":"WebPage","@id":"https:\/\/www.zahia.fr\/index.php\/boutique\/","url":"https:\/\/www.zahia.fr\/index.php\/boutique\/","name":"Boutique - Zahia - Artiste Peintre de toiles vivantes, Photographe de l&#039;authentique et Art-Th\u00e9rapeute. Sp\u00e9cialis\u00e9e en Encaustique et Bien \u00eatre","isPartOf":{"@id":"https:\/\/www.zahia.fr\/#website"},"datePublished":"2019-11-29T02:35:24+00:00","dateModified":"2019-11-29T02:35:24+00:00","breadcrumb":{"@id":"https:\/\/www.zahia.fr\/index.php\/boutique\/#breadcrumb"},"inLanguage":"fr-FR","potentialAction":[{"@type":"ReadAction","target":["https:\/\/www.zahia.fr\/index.php\/boutique\/"]}]},{"@type":"BreadcrumbList","@id":"https:\/\/www.zahia.fr\/index.php\/boutique\/#breadcrumb","itemListElement":[{"@type":"ListItem","position":1,"name":"Accueil","item":"https:\/\/www.zahia.fr\/"},{"@type":"ListItem","position":2,"name":"Boutique"}]},{"@type":"WebSite","@id":"https:\/\/www.zahia.fr\/#website","url":"https:\/\/www.zahia.fr\/","name":"Zahia Artiste Peintre, Photographe et Th\u00e9rapeute - Encaustique et Toiles vivantes","description":"L&#039;Art au service du Bien","publisher":{"@id":"https:\/\/www.zahia.fr\/#\/schema\/person\/96b83c2a05e612d5e9a768ae89537b33"},"alternateName":"Zahia & l'encaustique - L&#039;Art au service du Bien","potentialAction":[{"@type":"SearchAction","target":{"@type":"EntryPoint","urlTemplate":"https:\/\/www.zahia.fr\/?s={search_term_string}"},"query-input":"required name=search_term_string"}],"inLanguage":"fr-FR"},{"@type":["Person","Organization"],"@id":"https:\/\/www.zahia.fr\/#\/schema\/person\/96b83c2a05e612d5e9a768ae89537b33","name":"zahiapeintre","image":{"@type":"ImageObject","inLanguage":"fr-FR","@id":"https:\/\/www.zahia.fr\/#\/schema\/person\/image\/","url":"https:\/\/zahia.fr\/wp-content\/uploads\/2024\/07\/185504431502228.jpg","contentUrl":"https:\/\/zahia.fr\/wp-content\/uploads\/2024\/07\/185504431502228.jpg","width":237,"height":215,"caption":"zahiapeintre"},"logo":{"@id":"https:\/\/www.zahia.fr\/#\/schema\/person\/image\/"}}]}},"_links":{"self":[{"href":"https:\/\/www.zahia.fr\/index.php\/wp-json\/wp\/v2\/pages\/312","targetHints":{"allow":["GET"]}}],"collection":[{"href":"https:\/\/www.zahia.fr\/index.php\/wp-json\/wp\/v2\/pages"}],"about":[{"href":"https:\/\/www.zahia.fr\/index.php\/wp-json\/wp\/v2\/types\/page"}],"author":[{"embeddable":true,"href":"https:\/\/www.zahia.fr\/index.php\/wp-json\/wp\/v2\/users\/1"}],"replies":[{"embeddable":true,"href":"https:\/\/www.zahia.fr\/index.php\/wp-json\/wp\/v2\/comments?post=312"}],"version-history":[{"count":1,"href":"https:\/\/www.zahia.fr\/index.php\/wp-json\/wp\/v2\/pages\/312\/revisions"}],"predecessor-version":[{"id":313,"href":"https:\/\/www.zahia.fr\/index.php\/wp-json\/wp\/v2\/pages\/312\/revisions\/313"}],"wp:attachment":[{"href":"https:\/\/www.zahia.fr\/index.php\/wp-json\/wp\/v2\/media?parent=312"}],"curies":[{"name":"wp","href":"https:\/\/api.w.org\/{rel}","templated":true}]}}